. Calculate the remainder when 843 is divided by f.
10
Suppose 44 = 4*u - j - 9, -2*j = -3*u + 46. What is the remainder when u is divided by 5?
2
Let g(x) = 1783*x + 3993. What is the remainder when g(-2) is divided by 3?
1
Let l(t) = 3*t**3 - 21*t**2 + 10*t - 51. Calculate the remainder when 379 is divided by l(7).
18
Let t(c) be the third derivative of 7*c**4/24 - 169*c**3/6 - 30*c**2 + 1. Let k(v) = v**2 + v + 10. Calculate the remainder when t(29) is divided by k(0).
4
Suppose 26655 = u - 3*u + 28379. Calculate the remainder when u is divided by 0/(-2) + 144/2.
70
Let v(b) be the third derivative of -3*b**6/40 + b**5/60 + b**4/8 + b**3/2 - b**2 + 7. Calculate the remainder when v(-2) is divided by 15.
13
Let x be 228/14 + 2/(-7). Suppose 122 = 6*w - x. Calculate the remainder when 43 is divided by w.
20
Let m = 6849 - 6830. What is the remainder when 362 is divided by m?
1
What is the remainder when -5 + 6024/(-9)*2/(-8)*6 is divided by 45?
9
Suppose 30*t = 4*w + 33*t - 2516, 5*t = 5*w - 3180. What is the remainder when w is divided by 169?
125
Let g = -1417 - -1436. Suppose -6*f + 2*f + 5 = -o, 0 = 2*o + 2*f. What is the remainder when g is divided by 2*(1 - -1) - o?
4
Let i = 453 - 419. Let u = 82 - i. Calculate the remainder when 128 is divided by u.
32
Let q(s) = -s**2 - 30*s - 197. Calculate the remainder when (12/(-7))/(6/(-63)) is divided by q(-10).
0
Let a(b) = b**3 - 6*b**2 + 40*b - 2. What is the remainder when 683 is divided by a(5)?
164
Calculate the remainder when 1686 is divided by -22 - (-24 - 65) - -22.
84
Let a(y) = 9*y - 46. Let t be a(6). Suppose 260 + 588 = t*f. What is the remainder when f is divided by 1*36 - (1 + -1)?
34
Let v(z) = 1877*z + 2092. What is the remainder when v(-1) is divided by 8?
7
Let a(v) = 3*v + 65. Let d be a(-20). Suppose -255*s = -256*s + d. Calculate the remainder when 35 is divided by s.
0
Let i be 240/(-28)*245/10. Let n = i + 413. What is the remainder when n is divided by 12?
11
Suppose 2*c + 4*j - 216 = 0, 2*c - 2*j - 469 = -259. What is the remainder when 2216 is divided by c?
96
Let k(c) = -c**3 - 9*c**2 - 10*c + 24. Let x be k(-7). Calculate the remainder when 520/(-78)*9/x is divided by 15/2*4/5.
3
Let z(q) = -q - 1. Let i(v) = -2*v - 19. Let t(h) = i(h) + 3*z(h). Suppose 180*m = -1376 - 964. What is the remainder when t(m) is divided by 9?
7
Let l be -5 + -1 - (-2 + -1 - 0). Let o be -1 + 1 - (-2 + -1) - l. Suppose -5*x + 385 = o*x. Calculate the remainder when 102 is divided by x.
32
Let i = -3269 - -3283. Calculate the remainder when 27 is divided by i.
13
Let q = -59 - -69. Suppose 5*z + 20 = -g + 5*g, 4*z - q = -2*g. Suppose z*p - 4*f = p - 21, -2*p + f + 24 = 0. What is the remainder when 64 is divided by p?
12
Suppose 10*g = 7*g - 2*l + 456, 0 = l. What is the remainder when 464 is divided by g?
8
Let k be 611 - 0 - (-16)/((-128)/24). Suppose 199*h - k = 195*h. What is the remainder when h is divided by 11?
9
Let l(u) = -u**2 + 12*u - 11. Let i be l(10). Suppose 113 = i*z + 23. What is the remainder when 78 is divided by z?
8
Suppose -2*n + 14 = 5*t, 10 = -3*n + 1. Suppose -5*p + 683 = t*b, 0 = 3*b + 2*p - 473 - 41. What is the remainder when b is divided by 35?
32
Let v be 8 - ((-33)/(-11) + 35). Let z = 1 - -53. Let y = v + z. What is the remainder when y is divided by 13?
11
Let i(y) = 14*y + 243. Let o = 503 - 514. What is the remainder when i(o) is divided by 9?
8
Let g = 1972 - 1514. Calculate the remainder when g is divided by 154.
150
Suppose 168 = -2*s - 6*s. Let a be (1 + -5)*s/14*5. What is the remainder when 75 is divided by 2/(a/95)*3?
18
Let o(x) = 17*x - 934. What is the remainder when o(76) is divided by 118?
4
Let n be (-456)/4*((-5)/2 + 1). Let u = 302 - n. What is the remainder when u is divided by 19?
17
What is the remainder when (-11247978)/(-2014) - 2/(-19) is divided by 9?
5
Let o(t) be the second derivative of t**5/20 - t**4/12 - t**3/6 - 3*t**2/2 - 83*t. Calculate the remainder when 333 is divided by o(3).
9
Let r = 2016 - 1207. Calculate the remainder when r is divided by 21.
11
Let f = 44 + 46. Suppose g - 2869*d = -2873*d + 13, -44 = -2*g - 5*d. Calculate the remainder when f is divided by g.
16
Suppose 2*h = -5*g + 100, -5*g + 35 = 5*h - 4*h. What is the remainder when 286 is divided by h?
26
Suppose 4*l = 2*q - 9122, 40947 = 9*q + 800*l - 801*l. Calculate the remainder when q is divided by 10.
9
Suppose -401*i = -1273*i + 74992. Calculate the remainder when 2/3*8*48 is divided by i.
84
Suppose -1284 = -4*o + r, -215 = -o - 3*r + 119. What is the remainder when o is divided by 11?
3
Let i be (15 - 25)*3/(-6). Suppose -3*b + 333 = 5*v, 7*v + 524 = i*b + 5*v. What is the remainder when b is divided by 14?
8
Calculate the remainder when (-3*(-8952)/54)/((-6)/(-9)*2) is divided by 114.
31
Let i = 6172 + -5986. Calculate the remainder when i is divided by 77.
32
Suppose o - 3*f - 40 = 2*f, 2*o = -f + 113. Let z(x) = 2*x**2 + 13*x - 9. Let t be z(-7). What is the remainder when o is divided by (-11 - 13)*t/(4/1)?
7
Let m(p) = -31*p - 238. What is the remainder when m(-9) is divided by ((-2)/5)/((-24)/540)?
5
Let u be ((-37)/(-1))/((-8)/4 + 3). Let o = u - 34. Let v(m) = 2*m**3 - 3*m**2 + 1. What is the remainder when v(2) is divided by o?
2
Let w be ((-8)/(-44) - (-18)/22)*9. What is the remainder when (40/6 + 1)*(-4 + 7) is divided by w/(27/6) + 12?
9
Let w = 11237 + -11202. What is the remainder when 601 is divided by w?
6
Suppose 0*t - 3*b - 279 = -3*t, 0 = -4*t - 2*b + 402. Let s be (-20)/50*500/(-5). Calculate the remainder when t is divided by s*(36/(-8) - -5).
18
Suppose 10100 = 5*w - 5*i, -w + 8052 = 3*w + 3*i. Suppose -545 = -13*v + w. What is the remainder when v is divided by 101?
96
Suppose 106*f - 7236 = 2614 - 628. Calculate the remainder when f is divided by 51.
36
Suppose u - 308*k = -304*k + 32, 0 = 4*u + k - 43. What is the remainder when 1868 is divided by u?
8
Calculate the remainder when 2938 is divided by (0 - (-218)/3)/((-166)/(-249)).
104
Let y(l) be the first derivative of -13 - 2*l - 9/2*l**2. What is the remainder when y(-9) is divided by 27?
25
Calculate the remainder when 1150 - ((-2 - (-99)/(-15)) + 108/(-270)) is divided by 295.
274
Suppose 5*o + 4*n - 1720 = 0, 3*o - 88*n = -87*n + 1049. What is the remainder when o is divided by 118?
112
Suppose 6*c - 10*c - f = -45, 4*f = 4*c - 40. What is the remainder when 11 is divided by c?
0
Let g = -97 + 181. Let o = -7951 - -7996. What is the remainder when g is divided by o?
39
Suppose -3*g = -4*z + 49, -28 = -0*g + 2*g - 5*z. Let b = 23 + g. Calculate the remainder when 69 is divided by 41/b - 1/4.
9
Suppose -3*d + 5*l - 3*l + 538 = 0, 4*d - 3*l = 717. Suppose 0 = 13*a - 25*a + d. What is the remainder when 2/4 + (-205)/(-2) is divided by a?
13
Suppose 3*l - 58 = 98. Let o(v) = 3*v - 37. Let s be o(13). Suppose -3*u = -5*j + 98, -4*u = s*j - j - 15. Calculate the remainder when l is divided by j.
14
Let k(l) = -6*l**2 + l + 7. Calculate the remainder when (-6)/8*(-176)/12 is divided by k(0).
4
Let i be (25/20)/((-2)/(-8)). Suppose 0 = i*a - 15. Suppose 2*b - t = a*b - 16, -3*b + 56 = t. What is the remainder when b is divided by 8?
4
Let f(v) = -v**2 + 99*v - 956. Calculate the remainder when f(16) is divided by 167.
38
Suppose 9*v - 140 = 4*v + 4*v. Let k = -83 - -133. What is the remainder when v is divided by k?
40
Let f be 2 - 3/((-9)/12). Suppose 47 = 4*o + l, 0 = f*o - 7*o - 2*l + 17. What is the remainder when o is divided by (-8)/(-14) + 34/14?
2
Suppose -415 + 391 = 4*g. What is the remainder when ((-85)/(-10) + g)*66 is divided by 17?
12
Suppose 1122 - 1826 = -22*w. Calculate the remainder when 2329 is divided by w.
25
Suppose 17*t - 22799 = -15149. What is the remainder when t is divided by 24?
18
Let j(s) = -s**3 + 3*s**2 + 5*s + 10. Let l be ((-15)/3)/(-1 + 2). Calculate the remainder when j(l) is divided by 19.
14
Suppose 182 = 2*s - 4*n, -n - 4*n = 6*s - 631. Calculate the remainder when 1614 is divided by s.
99
Let s = 6590 + -6565. Calculate the remainder when 1370 is divided by s.
20
Let y(o) = 1793*o + 2221. Calculate the remainder when 8031 is divided by y(1).
3
What is the remainder when (117300/20)/15 - 24 is divided by 90?
7
Suppose 2*c + 4 = -2*m + 1